{"id":13,"date":"2020-10-11T21:53:31","date_gmt":"2020-10-12T00:53:31","guid":{"rendered":"https:\/\/uncme.org.br\/inicio\/uncmeba\/?page_id=13"},"modified":"2021-07-13T16:01:46","modified_gmt":"2021-07-13T19:01:46","slug":"documentos","status":"publish","type":"page","link":"https:\/\/uncme.org.br\/inicio\/uncmeba\/documentos\/","title":{"rendered":"Documentos"},"content":{"rendered":"<ul class=\"wp-block-latest-posts__list wp-block-latest-posts\"><li><a class=\"wp-block-latest-posts__post-title\" href=\"https:\/\/uncme.org.br\/inicio\/uncmeba\/2021\/07\/14\/contribuicoes-da-uncme-bahia-para-o-continuum-letivo\/\">CONTRIBUI\u00c7\u00d5ES DA UNCME BAHIA  PARA O CONTINUUM LETIVO<\/a><\/li>\n<li><a class=\"wp-block-latest-posts__post-title\" href=\"https:\/\/uncme.org.br\/inicio\/uncmeba\/2021\/07\/14\/covid-19-guia-8-reabertura-das-escolas-campanha\/\">COVID-19 Guia 8 &#8211; REABERTURA DAS ESCOLAS CAMPANHA<\/a><\/li>\n<li><a class=\"wp-block-latest-posts__post-title\" href=\"https:\/\/uncme.org.br\/inicio\/uncmeba\/2021\/07\/14\/nota-tecnica-agenda-colaborativa\/\">NOTA T\u00c9CNICA AGENDA COLABORATIVA<\/a><\/li>\n<li><a class=\"wp-block-latest-posts__post-title\" href=\"https:\/\/uncme.org.br\/inicio\/uncmeba\/2021\/07\/14\/nota-tecnica-uncme-ba-mp-dv-2020\/\">NOTA T\u00c9CNICA UNCME BA MP DV 2020<\/a><\/li>\n<li><a class=\"wp-block-latest-posts__post-title\" href=\"https:\/\/uncme.org.br\/inicio\/uncmeba\/2021\/07\/13\/o-papel-dos-conselhos-municipais-de-educacao\/\">O Papel dos Conselhos Municipais de Educa\u00e7\u00e3o<\/a><\/li>\n<li><a class=\"wp-block-latest-posts__post-title\" href=\"https:\/\/uncme.org.br\/inicio\/uncmeba\/2021\/07\/14\/orientac%cc%a7o%cc%83es-complementares-para-o-cumprimento-do-ano-letivos-2020-uncme-undime-bahia\/\">ORIENTAC\u0327O\u0303ES COMPLEMENTARES PARA O CUMPRIMENTO DO ANO LETIVOS 2020 UNCME UNDIME BAHIA<\/a><\/li>\n<li><a class=\"wp-block-latest-posts__post-title\" href=\"https:\/\/uncme.org.br\/inicio\/uncmeba\/2021\/07\/14\/protocolos-em-tempos-de-excepcionalidade\/\">PROTOCOLOS EM TEMPOS DE EXCEPCIONALIDADE<\/a><\/li>\n<li><a class=\"wp-block-latest-posts__post-title\" href=\"https:\/\/uncme.org.br\/inicio\/uncmeba\/2021\/07\/13\/recomendacoes-retorno-gradativo-as-atividades-presenciais\/\">Recomenda\u00e7\u00f5es retorno gradativo \u00e0s atividades presenciais &#8211; Alda Muniz P\u00eape<\/a><\/li>\n<li><a class=\"wp-block-latest-posts__post-title\" href=\"https:\/\/uncme.org.br\/inicio\/uncmeba\/2021\/07\/13\/recomendacoes-retorno-gradativo-as-atividades-presenciais-gilvania-nascimento\/\">Recomenda\u00e7\u00f5es retorno gradativo \u00e0s atividades presenciais \u2013 Gilv\u00e2nia Nascimento<\/a><\/li>\n<li><a class=\"wp-block-latest-posts__post-title\" href=\"https:\/\/uncme.org.br\/inicio\/uncmeba\/2021\/07\/03\/sistema-conselho-e-plano\/\">Sistema Conselho e Plano<\/a><\/li>\n<\/ul>","protected":false},"excerpt":{"rendered":"","protected":false},"author":1,"featured_media":0,"parent":0,"menu_order":0,"comment_status":"closed","ping_status":"closed","template":"","meta":{"colormag_page_container_layout":"default_layout","colormag_page_sidebar_layout":"default_layout","footnotes":""},"class_list":["post-13","page","type-page","status-publish","hentry"],"_links":{"self":[{"href":"https:\/\/uncme.org.br\/inicio\/uncmeba\/wp-json\/wp\/v2\/pages\/13","targetHints":{"allow":["GET"]}}],"collection":[{"href":"https:\/\/uncme.org.br\/inicio\/uncmeba\/wp-json\/wp\/v2\/pages"}],"about":[{"href":"https:\/\/uncme.org.br\/inicio\/uncmeba\/wp-json\/wp\/v2\/types\/page"}],"author":[{"embeddable":true,"href":"https:\/\/uncme.org.br\/inicio\/uncmeba\/wp-json\/wp\/v2\/users\/1"}],"replies":[{"embeddable":true,"href":"https:\/\/uncme.org.br\/inicio\/uncmeba\/wp-json\/wp\/v2\/comments?post=13"}],"version-history":[{"count":4,"href":"https:\/\/uncme.org.br\/inicio\/uncmeba\/wp-json\/wp\/v2\/pages\/13\/revisions"}],"predecessor-version":[{"id":413,"href":"https:\/\/uncme.org.br\/inicio\/uncmeba\/wp-json\/wp\/v2\/pages\/13\/revisions\/413"}],"wp:attachment":[{"href":"https:\/\/uncme.org.br\/inicio\/uncmeba\/wp-json\/wp\/v2\/media?parent=13"}],"curies":[{"name":"wp","href":"https:\/\/api.w.org\/{rel}","templated":true}]}}