{"id":6483,"date":"2022-10-31T16:52:43","date_gmt":"2022-10-31T19:52:43","guid":{"rendered":"https:\/\/uncme.org.br\/inicio\/?page_id=6483"},"modified":"2022-10-31T21:29:27","modified_gmt":"2022-11-01T00:29:27","slug":"formacoes-da-diretoria-executiva","status":"publish","type":"page","link":"https:\/\/uncme.org.br\/inicio\/formacoes-da-diretoria-executiva\/","title":{"rendered":"Forma\u00e7\u00f5es da Diretoria Executiva"},"content":{"rendered":"\n<p class=\"has-medium-font-size\"><strong>Bi\u00eanio 2019-2020<\/strong><\/p>\n\n\n<ul class=\"wp-block-latest-posts__list aligncenter wp-block-latest-posts\"><li><div class=\"wp-block-latest-posts__featured-image alignleft\"><a href=\"https:\/\/uncme.org.br\/inicio\/blog\/formacao-para-conselheiros-municipais-de-educacao-desafios-possibilidades-para-o-fortalecimento-para-os-sistemas-municipais-de-ensino-periodo-de-02-10-2020-ate-30-11-2020\/\" aria-label=\"\u201cForma\u00e7\u00e3o para Conselheiros Municipais de Educa\u00e7\u00e3o: desafios, possibilidades para o fortalecimento para os sistemas municipais de ensino\u201d Per\u00edodo: de 02\/10\/2020 at\u00e9 30\/11\/2020\"><img decoding=\"async\" width=\"150\" height=\"150\" src=\"https:\/\/uncme.org.br\/inicio\/wp-content\/uploads\/2022\/10\/formacao_continuada_cme_19-20-150x150.png\" class=\"attachment-thumbnail size-thumbnail wp-post-image\" alt=\"\" style=\"max-width:150px;max-height:150px;\" srcset=\"https:\/\/uncme.org.br\/inicio\/wp-content\/uploads\/2022\/10\/formacao_continuada_cme_19-20-150x150.png 150w, https:\/\/uncme.org.br\/inicio\/wp-content\/uploads\/2022\/10\/formacao_continuada_cme_19-20-700x700.png 700w, https:\/\/uncme.org.br\/inicio\/wp-content\/uploads\/2022\/10\/formacao_continuada_cme_19-20-300x300.png 300w, https:\/\/uncme.org.br\/inicio\/wp-content\/uploads\/2022\/10\/formacao_continuada_cme_19-20-600x600.png 600w\" sizes=\"(max-width: 150px) 100vw, 150px\" \/><\/a><\/div><a class=\"wp-block-latest-posts__post-title\" href=\"https:\/\/uncme.org.br\/inicio\/blog\/formacao-para-conselheiros-municipais-de-educacao-desafios-possibilidades-para-o-fortalecimento-para-os-sistemas-municipais-de-ensino-periodo-de-02-10-2020-ate-30-11-2020\/\">\u201cForma\u00e7\u00e3o para Conselheiros Municipais de Educa\u00e7\u00e3o: desafios, possibilidades para o fortalecimento para os sistemas municipais de ensino\u201d Per\u00edodo: de 02\/10\/2020 at\u00e9 30\/11\/2020<\/a><div class=\"wp-block-latest-posts__post-excerpt\">Parceria: UNCME\/Universidade do Oeste de Santa Catarina -UNOESCPer\u00edodo de realiza\u00e7\u00e3o: 02\/10 a 30\/11\/2020Carga Hor\u00e1ria: 20 horas I &#8211; Objetivo:Capacitar os Conselheiros Municipais de Educa\u00e7\u00e3o do Estado de Santa Catarina para atuar de forma eficiente e eficaz no \u00e2mbito dos Sistemas Municipais de Ensino;<\/div><\/li>\n<li><div class=\"wp-block-latest-posts__featured-image alignleft\"><a href=\"https:\/\/uncme.org.br\/inicio\/blog\/formacao-para-conselheiros-municipais-de-educacao-periodo-de-10-2020-ate-12-2020\/\" aria-label=\"\u201cForma\u00e7\u00e3o para Conselheiros Municipais de Educa\u00e7\u00e3o\u201d Per\u00edodo: de 10\/2020 at\u00e9 12\/2020\"><img decoding=\"async\" width=\"150\" height=\"150\" src=\"https:\/\/uncme.org.br\/inicio\/wp-content\/uploads\/2022\/10\/formacao_continuada_cme_19-20-150x150.png\" class=\"attachment-thumbnail size-thumbnail wp-post-image\" alt=\"\" style=\"max-width:150px;max-height:150px;\" srcset=\"https:\/\/uncme.org.br\/inicio\/wp-content\/uploads\/2022\/10\/formacao_continuada_cme_19-20-150x150.png 150w, https:\/\/uncme.org.br\/inicio\/wp-content\/uploads\/2022\/10\/formacao_continuada_cme_19-20-700x700.png 700w, https:\/\/uncme.org.br\/inicio\/wp-content\/uploads\/2022\/10\/formacao_continuada_cme_19-20-300x300.png 300w, https:\/\/uncme.org.br\/inicio\/wp-content\/uploads\/2022\/10\/formacao_continuada_cme_19-20-600x600.png 600w\" sizes=\"(max-width: 150px) 100vw, 150px\" \/><\/a><\/div><a class=\"wp-block-latest-posts__post-title\" href=\"https:\/\/uncme.org.br\/inicio\/blog\/formacao-para-conselheiros-municipais-de-educacao-periodo-de-10-2020-ate-12-2020\/\">\u201cForma\u00e7\u00e3o para Conselheiros Municipais de Educa\u00e7\u00e3o\u201d Per\u00edodo: de 10\/2020 at\u00e9 12\/2020<\/a><div class=\"wp-block-latest-posts__post-excerpt\">Parceria: CEE, SEDUC, UNCME e FECEMAPer\u00edodo de realiza\u00e7\u00e3o: outubro a dezembro de 2020Carga Hor\u00e1ria: 60 horas (online) I &#8211; Objetivos:a) Oportunizar aos conselheiros municipais de educa\u00e7\u00e3o a discuss\u00e3o cr\u00edtica sobre a natureza, o papel, as fun\u00e7\u00f5es e atribui\u00e7\u00f5es dos Conselhos Municipais de Educa\u00e7\u00e3o possibilitando a reflex\u00e3o sobre a estrutura, funcionamento e atua\u00e7\u00e3o desses \u00f3rg\u00e3os, para que venham a constituir-se em\u2026 <a class=\"wp-block-latest-posts__read-more\" href=\"https:\/\/uncme.org.br\/inicio\/blog\/formacao-para-conselheiros-municipais-de-educacao-periodo-de-10-2020-ate-12-2020\/\" rel=\"noopener noreferrer\">Leia mais<span class=\"screen-reader-text\">: \u201cForma\u00e7\u00e3o para Conselheiros Municipais de Educa\u00e7\u00e3o\u201d Per\u00edodo: de 10\/2020 at\u00e9 12\/2020<\/span><\/a><\/div><\/li>\n<li><div class=\"wp-block-latest-posts__featured-image alignleft\"><a href=\"https:\/\/uncme.org.br\/inicio\/blog\/formacao-para-conselheiros-municipais-de-educacao-nivel-basico-periodo-de-03-09-ate-12-2020\/\" aria-label=\"\u201cForma\u00e7\u00e3o para Conselheiros Municipais de Educa\u00e7\u00e3o \u2013 N\u00edvel B\u00e1sico\u201d Per\u00edodo: de 03\/09 at\u00e9 12\/2020\"><img decoding=\"async\" width=\"150\" height=\"150\" src=\"https:\/\/uncme.org.br\/inicio\/wp-content\/uploads\/2022\/10\/formacao_continuada_cme_19-20-150x150.png\" class=\"attachment-thumbnail size-thumbnail wp-post-image\" alt=\"\" style=\"max-width:150px;max-height:150px;\" srcset=\"https:\/\/uncme.org.br\/inicio\/wp-content\/uploads\/2022\/10\/formacao_continuada_cme_19-20-150x150.png 150w, https:\/\/uncme.org.br\/inicio\/wp-content\/uploads\/2022\/10\/formacao_continuada_cme_19-20-700x700.png 700w, https:\/\/uncme.org.br\/inicio\/wp-content\/uploads\/2022\/10\/formacao_continuada_cme_19-20-300x300.png 300w, https:\/\/uncme.org.br\/inicio\/wp-content\/uploads\/2022\/10\/formacao_continuada_cme_19-20-600x600.png 600w\" sizes=\"(max-width: 150px) 100vw, 150px\" \/><\/a><\/div><a class=\"wp-block-latest-posts__post-title\" href=\"https:\/\/uncme.org.br\/inicio\/blog\/formacao-para-conselheiros-municipais-de-educacao-nivel-basico-periodo-de-03-09-ate-12-2020\/\">\u201cForma\u00e7\u00e3o para Conselheiros Municipais de Educa\u00e7\u00e3o \u2013 N\u00edvel B\u00e1sico\u201d Per\u00edodo: de 03\/09 at\u00e9 12\/2020<\/a><div class=\"wp-block-latest-posts__post-excerpt\">Parceria: UNCME\/ Instituto An\u00edsio Teixeira &#8211; BAPer\u00edodo de realiza\u00e7\u00e3o: 03\/09 a 14\/12\/2020.Carga Hor\u00e1ria: 60 horas I &#8211; Objetivo: Proporcionar forma\u00e7\u00e3o t\u00e9cnica e pol\u00edtica aos conselheiros Municipais de educa\u00e7\u00e3o para que atuem em rela\u00e7\u00e3o \u00e0 a\u00e7\u00e3o pedag\u00f3gica escolar, na legisla\u00e7\u00e3o, no controle social do financiamento, na mobiliza\u00e7\u00e3o social pela educa\u00e7\u00e3o, na perspectiva de contribuir para a \u201cGarantia do Direito a Educa\u00e7\u00e3o\u2026 <a class=\"wp-block-latest-posts__read-more\" href=\"https:\/\/uncme.org.br\/inicio\/blog\/formacao-para-conselheiros-municipais-de-educacao-nivel-basico-periodo-de-03-09-ate-12-2020\/\" rel=\"noopener noreferrer\">Leia mais<span class=\"screen-reader-text\">: \u201cForma\u00e7\u00e3o para Conselheiros Municipais de Educa\u00e7\u00e3o \u2013 N\u00edvel B\u00e1sico\u201d Per\u00edodo: de 03\/09 at\u00e9 12\/2020<\/span><\/a><\/div><\/li>\n<li><div class=\"wp-block-latest-posts__featured-image alignleft\"><a href=\"https:\/\/uncme.org.br\/inicio\/blog\/curso-ead-para-conselheiros-municipais-de-educacao-periodo-de-07-2019-ate-06-2020\/\" aria-label=\"&#8220;Curso EAD para Conselheiros Municipais de Educa\u00e7\u00e3o\u201d Per\u00edodo: de 07\/2019 at\u00e9 06\/2020\"><img decoding=\"async\" width=\"150\" height=\"150\" src=\"https:\/\/uncme.org.br\/inicio\/wp-content\/uploads\/2022\/10\/formacao_continuada_cme_19-20-150x150.png\" class=\"attachment-thumbnail size-thumbnail wp-post-image\" alt=\"\" style=\"max-width:150px;max-height:150px;\" srcset=\"https:\/\/uncme.org.br\/inicio\/wp-content\/uploads\/2022\/10\/formacao_continuada_cme_19-20-150x150.png 150w, https:\/\/uncme.org.br\/inicio\/wp-content\/uploads\/2022\/10\/formacao_continuada_cme_19-20-700x700.png 700w, https:\/\/uncme.org.br\/inicio\/wp-content\/uploads\/2022\/10\/formacao_continuada_cme_19-20-300x300.png 300w, https:\/\/uncme.org.br\/inicio\/wp-content\/uploads\/2022\/10\/formacao_continuada_cme_19-20-600x600.png 600w\" sizes=\"(max-width: 150px) 100vw, 150px\" \/><\/a><\/div><a class=\"wp-block-latest-posts__post-title\" href=\"https:\/\/uncme.org.br\/inicio\/blog\/curso-ead-para-conselheiros-municipais-de-educacao-periodo-de-07-2019-ate-06-2020\/\">&#8220;Curso EAD para Conselheiros Municipais de Educa\u00e7\u00e3o\u201d Per\u00edodo: de 07\/2019 at\u00e9 06\/2020<\/a><div class=\"wp-block-latest-posts__post-excerpt\">Parceria: Tribunal de Contas do Estado do Rio Grande do Sul \/ Instituto Rui Barbosa \/UNCMEPer\u00edodo de realiza\u00e7\u00e3o: O curso teve 3 edi\u00e7\u00f5es, al\u00e9m da turma piloto. In\u00edcio julho de 2019 e final em junho de 2020.Carga Hor\u00e1ria: 20 horas I &#8211; Objetivo:Capacitar os Conselheiros Municipais de Educa\u00e7\u00e3o com conhecimentos voltados \u00e0 qualifica\u00e7\u00e3o da atua\u00e7\u00e3o desses profissionais. II \u2013 Tem\u00e1ticas:\u2026 <a class=\"wp-block-latest-posts__read-more\" href=\"https:\/\/uncme.org.br\/inicio\/blog\/curso-ead-para-conselheiros-municipais-de-educacao-periodo-de-07-2019-ate-06-2020\/\" rel=\"noopener noreferrer\">Leia mais<span class=\"screen-reader-text\">: &#8220;Curso EAD para Conselheiros Municipais de Educa\u00e7\u00e3o\u201d Per\u00edodo: de 07\/2019 at\u00e9 06\/2020<\/span><\/a><\/div><\/li>\n<\/ul>","protected":false},"excerpt":{"rendered":"<p>Bi\u00eanio 2019-2020<\/p>\n","protected":false},"author":1,"featured_media":6518,"parent":0,"menu_order":0,"comment_status":"closed","ping_status":"closed","template":"","meta":{"tpgb_global_settings":"","footnotes":""},"class_list":["post-6483","page","type-page","status-publish","has-post-thumbnail","hentry"],"tpgb_featured_images":{"full":["https:\/\/uncme.org.br\/inicio\/wp-content\/uploads\/2022\/10\/formacao_continuada_cme_19-20.png",1280,720,false],"tp-image-grid":["https:\/\/uncme.org.br\/inicio\/wp-content\/uploads\/2022\/10\/formacao_continuada_cme_19-20-700x700.png",700,700,true],"thumbnail":["https:\/\/uncme.org.br\/inicio\/wp-content\/uploads\/2022\/10\/formacao_continuada_cme_19-20-150x150.png",150,150,true],"medium":["https:\/\/uncme.org.br\/inicio\/wp-content\/uploads\/2022\/10\/formacao_continuada_cme_19-20-300x169.png",300,169,true],"medium_large":["https:\/\/uncme.org.br\/inicio\/wp-content\/uploads\/2022\/10\/formacao_continuada_cme_19-20-768x432.png",640,360,true],"large":["https:\/\/uncme.org.br\/inicio\/wp-content\/uploads\/2022\/10\/formacao_continuada_cme_19-20-1024x576.png",640,360,true],"default":"https:\/\/uncme.org.br\/inicio\/wp-content\/plugins\/the-plus-addons-for-block-editor\/assets\/images\/tpgb-placeholder.jpg"},"tpgb_post_meta_info":{"get_date":"31 de outubro de 2022","get_modified_date":"31 de outubro de 2022","author_name":"jesserfidelisjr","author_url":"https:\/\/uncme.org.br\/inicio\/blog\/author\/jesserfidelisjr\/","author_email":"jesserfidelisjr@gmail.com","author_website":"https:\/\/uncme.org.br\/inicio","author_description":"","author_facebook":"","author_twitter":"","author_instagram":"","author_role":["administrator"],"author_firstname":"","author_lastname":"","user_login":"jesserfidelisjr","author_avatar":"<img alt='' src='https:\/\/secure.gravatar.com\/avatar\/a4419674b8d420fd879a0ccedfe14621541a70ceaabcc8114bf0101af11850bb?s=200&#038;d=mm&#038;r=g' srcset='https:\/\/secure.gravatar.com\/avatar\/a4419674b8d420fd879a0ccedfe14621541a70ceaabcc8114bf0101af11850bb?s=400&#038;d=mm&#038;r=g 2x' class='avatar avatar-200 photo' height='200' width='200' decoding='async'\/>","author_avatar_url":"https:\/\/secure.gravatar.com\/avatar\/a4419674b8d420fd879a0ccedfe14621541a70ceaabcc8114bf0101af11850bb?s=96&d=mm&r=g","comment_count":0,"post_likes":0,"post_views":0},"tpgb_post_category":[],"blog_post_layout_featured_media_urls":{"thumbnail":["https:\/\/uncme.org.br\/inicio\/wp-content\/uploads\/2022\/10\/formacao_continuada_cme_19-20-150x150.png",150,150,true],"full":["https:\/\/uncme.org.br\/inicio\/wp-content\/uploads\/2022\/10\/formacao_continuada_cme_19-20.png",1280,720,false]},"categories_names":null,"comments_number":"0","wpmagazine_modules_lite_featured_media_urls":{"thumbnail":["https:\/\/uncme.org.br\/inicio\/wp-content\/uploads\/2022\/10\/formacao_continuada_cme_19-20-150x150.png",150,150,true],"cvmm-medium":["https:\/\/uncme.org.br\/inicio\/wp-content\/uploads\/2022\/10\/formacao_continuada_cme_19-20-300x300.png",300,300,true],"cvmm-medium-plus":["https:\/\/uncme.org.br\/inicio\/wp-content\/uploads\/2022\/10\/formacao_continuada_cme_19-20-305x207.png",305,207,true],"cvmm-portrait":["https:\/\/uncme.org.br\/inicio\/wp-content\/uploads\/2022\/10\/formacao_continuada_cme_19-20-400x600.png",400,600,true],"cvmm-medium-square":["https:\/\/uncme.org.br\/inicio\/wp-content\/uploads\/2022\/10\/formacao_continuada_cme_19-20-600x600.png",600,600,true],"cvmm-large":["https:\/\/uncme.org.br\/inicio\/wp-content\/uploads\/2022\/10\/formacao_continuada_cme_19-20-1024x720.png",1024,720,true],"cvmm-small":["https:\/\/uncme.org.br\/inicio\/wp-content\/uploads\/2022\/10\/formacao_continuada_cme_19-20-130x95.png",130,95,true],"full":["https:\/\/uncme.org.br\/inicio\/wp-content\/uploads\/2022\/10\/formacao_continuada_cme_19-20.png",1280,720,false]},"_links":{"self":[{"href":"https:\/\/uncme.org.br\/inicio\/wp-json\/wp\/v2\/pages\/6483","targetHints":{"allow":["GET"]}}],"collection":[{"href":"https:\/\/uncme.org.br\/inicio\/wp-json\/wp\/v2\/pages"}],"about":[{"href":"https:\/\/uncme.org.br\/inicio\/wp-json\/wp\/v2\/types\/page"}],"author":[{"embeddable":true,"href":"https:\/\/uncme.org.br\/inicio\/wp-json\/wp\/v2\/users\/1"}],"replies":[{"embeddable":true,"href":"https:\/\/uncme.org.br\/inicio\/wp-json\/wp\/v2\/comments?post=6483"}],"version-history":[{"count":4,"href":"https:\/\/uncme.org.br\/inicio\/wp-json\/wp\/v2\/pages\/6483\/revisions"}],"predecessor-version":[{"id":6533,"href":"https:\/\/uncme.org.br\/inicio\/wp-json\/wp\/v2\/pages\/6483\/revisions\/6533"}],"wp:featuredmedia":[{"embeddable":true,"href":"https:\/\/uncme.org.br\/inicio\/wp-json\/wp\/v2\/media\/6518"}],"wp:attachment":[{"href":"https:\/\/uncme.org.br\/inicio\/wp-json\/wp\/v2\/media?parent=6483"}],"curies":[{"name":"wp","href":"https:\/\/api.w.org\/{rel}","templated":true}]}}