{"id":6486,"date":"2022-11-04T01:20:50","date_gmt":"2022-11-04T04:20:50","guid":{"rendered":"https:\/\/uncme.org.br\/inicio\/?page_id=6486"},"modified":"2022-11-06T16:12:35","modified_gmt":"2022-11-06T19:12:35","slug":"cirandas-nacionais","status":"publish","type":"page","link":"https:\/\/uncme.org.br\/inicio\/cirandas-nacionais\/","title":{"rendered":"Cirandas Nacionais pela Educa\u00e7\u00e3o"},"content":{"rendered":"<ul class=\"wp-block-latest-posts__list is-grid columns-3 aligncenter wp-block-latest-posts\"><li><div class=\"wp-block-latest-posts__featured-image aligncenter\"><a href=\"https:\/\/uncme.org.br\/inicio\/blog\/iv-roda-cirandeira-23-11-2021\/\" aria-label=\"IV Roda Cirandeira \u2013 23\/11\/2021\"><img fetchpriority=\"high\" decoding=\"async\" width=\"640\" height=\"360\" src=\"https:\/\/uncme.org.br\/inicio\/wp-content\/uploads\/2022\/11\/IV-Roda-Cirandeira\u201323-11-2021-CAPA-1024x576.png\" class=\"attachment-large size-large wp-post-image\" alt=\"\" style=\"\" srcset=\"https:\/\/uncme.org.br\/inicio\/wp-content\/uploads\/2022\/11\/IV-Roda-Cirandeira\u201323-11-2021-CAPA-1024x576.png 1024w, https:\/\/uncme.org.br\/inicio\/wp-content\/uploads\/2022\/11\/IV-Roda-Cirandeira\u201323-11-2021-CAPA-300x169.png 300w, https:\/\/uncme.org.br\/inicio\/wp-content\/uploads\/2022\/11\/IV-Roda-Cirandeira\u201323-11-2021-CAPA-768x432.png 768w, https:\/\/uncme.org.br\/inicio\/wp-content\/uploads\/2022\/11\/IV-Roda-Cirandeira\u201323-11-2021-CAPA.png 1280w\" sizes=\"(max-width: 640px) 100vw, 640px\" \/><\/a><\/div><a class=\"wp-block-latest-posts__post-title\" href=\"https:\/\/uncme.org.br\/inicio\/blog\/iv-roda-cirandeira-23-11-2021\/\">IV Roda Cirandeira \u2013 23\/11\/2021<\/a><\/li>\n<li><div class=\"wp-block-latest-posts__featured-image aligncenter\"><a href=\"https:\/\/uncme.org.br\/inicio\/blog\/membros-da-diretoria-nacional-de-formacao\/\" aria-label=\"Membros da Diretoria Nacional de Forma\u00e7\u00e3o\"><img decoding=\"async\" width=\"640\" height=\"360\" src=\"https:\/\/uncme.org.br\/inicio\/wp-content\/uploads\/2022\/11\/membro-formacao-2022-1024x576.png\" class=\"attachment-large size-large wp-post-image\" alt=\"\" style=\"\" srcset=\"https:\/\/uncme.org.br\/inicio\/wp-content\/uploads\/2022\/11\/membro-formacao-2022-1024x576.png 1024w, https:\/\/uncme.org.br\/inicio\/wp-content\/uploads\/2022\/11\/membro-formacao-2022-300x169.png 300w, https:\/\/uncme.org.br\/inicio\/wp-content\/uploads\/2022\/11\/membro-formacao-2022-768x432.png 768w, https:\/\/uncme.org.br\/inicio\/wp-content\/uploads\/2022\/11\/membro-formacao-2022.png 1280w\" sizes=\"(max-width: 640px) 100vw, 640px\" \/><\/a><\/div><a class=\"wp-block-latest-posts__post-title\" href=\"https:\/\/uncme.org.br\/inicio\/blog\/membros-da-diretoria-nacional-de-formacao\/\">Membros da Diretoria Nacional de Forma\u00e7\u00e3o<\/a><\/li>\n<li><div class=\"wp-block-latest-posts__featured-image aligncenter\"><a href=\"https:\/\/uncme.org.br\/inicio\/blog\/iii-roda-cirandeira-03-11-2021\/\" aria-label=\"III Roda Cirandeira \u2013 03\/11\/2021\"><img decoding=\"async\" width=\"640\" height=\"360\" src=\"https:\/\/uncme.org.br\/inicio\/wp-content\/uploads\/2022\/11\/III-Roda-Cirandeira\u201303-11-2021-CAPA-1024x576.png\" class=\"attachment-large size-large wp-post-image\" alt=\"\" style=\"\" srcset=\"https:\/\/uncme.org.br\/inicio\/wp-content\/uploads\/2022\/11\/III-Roda-Cirandeira\u201303-11-2021-CAPA-1024x576.png 1024w, https:\/\/uncme.org.br\/inicio\/wp-content\/uploads\/2022\/11\/III-Roda-Cirandeira\u201303-11-2021-CAPA-300x169.png 300w, https:\/\/uncme.org.br\/inicio\/wp-content\/uploads\/2022\/11\/III-Roda-Cirandeira\u201303-11-2021-CAPA-768x432.png 768w, https:\/\/uncme.org.br\/inicio\/wp-content\/uploads\/2022\/11\/III-Roda-Cirandeira\u201303-11-2021-CAPA.png 1280w\" sizes=\"(max-width: 640px) 100vw, 640px\" \/><\/a><\/div><a class=\"wp-block-latest-posts__post-title\" href=\"https:\/\/uncme.org.br\/inicio\/blog\/iii-roda-cirandeira-03-11-2021\/\">III Roda Cirandeira \u2013 03\/11\/2021<\/a><\/li>\n<li><div class=\"wp-block-latest-posts__featured-image aligncenter\"><a href=\"https:\/\/uncme.org.br\/inicio\/blog\/ii-roda-cirandeira-14-10-2021\/\" aria-label=\"II Roda Cirandeira \u2013 14\/10\/2021\"><img loading=\"lazy\" decoding=\"async\" width=\"640\" height=\"360\" src=\"https:\/\/uncme.org.br\/inicio\/wp-content\/uploads\/2021\/10\/II-Roda-Cirandeira\u201314-10-2021-CAPA-1024x576.png\" class=\"attachment-large size-large wp-post-image\" alt=\"\" style=\"\" srcset=\"https:\/\/uncme.org.br\/inicio\/wp-content\/uploads\/2021\/10\/II-Roda-Cirandeira\u201314-10-2021-CAPA-1024x576.png 1024w, https:\/\/uncme.org.br\/inicio\/wp-content\/uploads\/2021\/10\/II-Roda-Cirandeira\u201314-10-2021-CAPA-300x169.png 300w, https:\/\/uncme.org.br\/inicio\/wp-content\/uploads\/2021\/10\/II-Roda-Cirandeira\u201314-10-2021-CAPA-768x432.png 768w, https:\/\/uncme.org.br\/inicio\/wp-content\/uploads\/2021\/10\/II-Roda-Cirandeira\u201314-10-2021-CAPA.png 1280w\" sizes=\"(max-width: 640px) 100vw, 640px\" \/><\/a><\/div><a class=\"wp-block-latest-posts__post-title\" href=\"https:\/\/uncme.org.br\/inicio\/blog\/ii-roda-cirandeira-14-10-2021\/\">II Roda Cirandeira \u2013 14\/10\/2021<\/a><\/li>\n<li><div class=\"wp-block-latest-posts__featured-image aligncenter\"><a href=\"https:\/\/uncme.org.br\/inicio\/blog\/i-roda-cirandeira-19-09-2021\/\" aria-label=\"I Roda Cirandeira \u2013 19\/09\/2021\"><img loading=\"lazy\" decoding=\"async\" width=\"640\" height=\"360\" src=\"https:\/\/uncme.org.br\/inicio\/wp-content\/uploads\/2021\/09\/I-Roda-Cirandeira\u201319-09-2021-CAPA-1024x576.png\" class=\"attachment-large size-large wp-post-image\" alt=\"\" style=\"\" srcset=\"https:\/\/uncme.org.br\/inicio\/wp-content\/uploads\/2021\/09\/I-Roda-Cirandeira\u201319-09-2021-CAPA-1024x576.png 1024w, https:\/\/uncme.org.br\/inicio\/wp-content\/uploads\/2021\/09\/I-Roda-Cirandeira\u201319-09-2021-CAPA-300x169.png 300w, https:\/\/uncme.org.br\/inicio\/wp-content\/uploads\/2021\/09\/I-Roda-Cirandeira\u201319-09-2021-CAPA-768x432.png 768w, https:\/\/uncme.org.br\/inicio\/wp-content\/uploads\/2021\/09\/I-Roda-Cirandeira\u201319-09-2021-CAPA.png 1280w\" sizes=\"(max-width: 640px) 100vw, 640px\" \/><\/a><\/div><a class=\"wp-block-latest-posts__post-title\" href=\"https:\/\/uncme.org.br\/inicio\/blog\/i-roda-cirandeira-19-09-2021\/\">I Roda Cirandeira \u2013 19\/09\/2021<\/a><\/li>\n<li><div class=\"wp-block-latest-posts__featured-image aligncenter\"><a href=\"https:\/\/uncme.org.br\/inicio\/blog\/i-ciranda-nacional-pela-educacao-na-roda-da-formacao-a-danca-freiriana\/\" aria-label=\"I Ciranda Nacional pela Educa\u00e7\u00e3o: na roda da forma\u00e7\u00e3o a dan\u00e7a freiriana\"><img loading=\"lazy\" decoding=\"async\" width=\"640\" height=\"360\" src=\"https:\/\/uncme.org.br\/inicio\/wp-content\/uploads\/2022\/11\/CARD-08-1024x576.png\" class=\"attachment-large size-large wp-post-image\" alt=\"\" style=\"\" srcset=\"https:\/\/uncme.org.br\/inicio\/wp-content\/uploads\/2022\/11\/CARD-08-1024x576.png 1024w, https:\/\/uncme.org.br\/inicio\/wp-content\/uploads\/2022\/11\/CARD-08-300x169.png 300w, https:\/\/uncme.org.br\/inicio\/wp-content\/uploads\/2022\/11\/CARD-08-768x432.png 768w, https:\/\/uncme.org.br\/inicio\/wp-content\/uploads\/2022\/11\/CARD-08-1536x864.png 1536w, https:\/\/uncme.org.br\/inicio\/wp-content\/uploads\/2022\/11\/CARD-08.png 1920w\" sizes=\"(max-width: 640px) 100vw, 640px\" \/><\/a><\/div><a class=\"wp-block-latest-posts__post-title\" href=\"https:\/\/uncme.org.br\/inicio\/blog\/i-ciranda-nacional-pela-educacao-na-roda-da-formacao-a-danca-freiriana\/\">I Ciranda Nacional pela Educa\u00e7\u00e3o: na roda da forma\u00e7\u00e3o a dan\u00e7a freiriana<\/a><\/li>\n<\/ul>","protected":false},"excerpt":{"rendered":"","protected":false},"author":1,"featured_media":0,"parent":0,"menu_order":0,"comment_status":"closed","ping_status":"closed","template":"","meta":{"tpgb_global_settings":"","footnotes":""},"class_list":["post-6486","page","type-page","status-publish","hentry"],"tpgb_featured_images":null,"tpgb_post_meta_info":{"get_date":"4 de novembro de 2022","get_modified_date":"6 de novembro de 2022","author_name":"jesserfidelisjr","author_url":"https:\/\/uncme.org.br\/inicio\/blog\/author\/jesserfidelisjr\/","author_email":"jesserfidelisjr@gmail.com","author_website":"https:\/\/uncme.org.br\/inicio","author_description":"","author_facebook":"","author_twitter":"","author_instagram":"","author_role":["administrator"],"author_firstname":"","author_lastname":"","user_login":"jesserfidelisjr","author_avatar":"<img alt='' src='https:\/\/secure.gravatar.com\/avatar\/a4419674b8d420fd879a0ccedfe14621541a70ceaabcc8114bf0101af11850bb?s=200&#038;d=mm&#038;r=g' srcset='https:\/\/secure.gravatar.com\/avatar\/a4419674b8d420fd879a0ccedfe14621541a70ceaabcc8114bf0101af11850bb?s=400&#038;d=mm&#038;r=g 2x' class='avatar avatar-200 photo' height='200' width='200' decoding='async'\/>","author_avatar_url":"https:\/\/secure.gravatar.com\/avatar\/a4419674b8d420fd879a0ccedfe14621541a70ceaabcc8114bf0101af11850bb?s=96&d=mm&r=g","comment_count":0,"post_likes":0,"post_views":0},"tpgb_post_category":[],"blog_post_layout_featured_media_urls":{"thumbnail":"","full":""},"categories_names":null,"comments_number":"0","wpmagazine_modules_lite_featured_media_urls":{"thumbnail":"","cvmm-medium":"","cvmm-medium-plus":"","cvmm-portrait":"","cvmm-medium-square":"","cvmm-large":"","cvmm-small":"","full":""},"_links":{"self":[{"href":"https:\/\/uncme.org.br\/inicio\/wp-json\/wp\/v2\/pages\/6486","targetHints":{"allow":["GET"]}}],"collection":[{"href":"https:\/\/uncme.org.br\/inicio\/wp-json\/wp\/v2\/pages"}],"about":[{"href":"https:\/\/uncme.org.br\/inicio\/wp-json\/wp\/v2\/types\/page"}],"author":[{"embeddable":true,"href":"https:\/\/uncme.org.br\/inicio\/wp-json\/wp\/v2\/users\/1"}],"replies":[{"embeddable":true,"href":"https:\/\/uncme.org.br\/inicio\/wp-json\/wp\/v2\/comments?post=6486"}],"version-history":[{"count":2,"href":"https:\/\/uncme.org.br\/inicio\/wp-json\/wp\/v2\/pages\/6486\/revisions"}],"predecessor-version":[{"id":6648,"href":"https:\/\/uncme.org.br\/inicio\/wp-json\/wp\/v2\/pages\/6486\/revisions\/6648"}],"wp:attachment":[{"href":"https:\/\/uncme.org.br\/inicio\/wp-json\/wp\/v2\/media?parent=6486"}],"curies":[{"name":"wp","href":"https:\/\/api.w.org\/{rel}","templated":true}]}}